{"id":19,"date":"2019-07-18T06:28:39","date_gmt":"2019-07-18T06:28:39","guid":{"rendered":"http:\/\/hapeto.hu\/?page_id=19"},"modified":"2021-05-25T09:56:00","modified_gmt":"2021-05-25T09:56:00","slug":"cimlap","status":"publish","type":"page","link":"https:\/\/hapeto.hu\/","title":{"rendered":"C\u00edmlap"},"content":{"rendered":"\n<figure class=\"wp-block-table\"><table><tbody><tr><td> Tisztelt P\u00e1cienseink!<\/td><\/tr><\/tbody><\/table><\/figure>\n\n\n\n<figure class=\"wp-block-table\"><table><tbody><tr><td>Rendel\u00e9s\u00fcnk tov\u00e1bbra is el\u0151re egyeztettet id\u0151pontok alapj\u00e1n m\u0171k\u00f6dik.\u00a0 <br>Id\u0151pontokat a megszokott m\u00f3dokon lehet k\u00e9rni(telefon, e-mail).<br><strong>Megk\u00e9rn\u00e9nk kedves p\u00e1cienseinket, hogy lehet\u0151leg k\u00eds\u00e9r\u0151 n\u00e9lk\u00fcl \u00e9rkezzenek!<\/strong><br><br><strong>AKI RENDELKEZIK M\u00c1R ID\u0150PONTTAL k\u00e9rj\u00fck olvassa el az al\u00e1bbi k\u00e9rd\u00e9seket<\/strong> \u00e9s ha b\u00e1rmelyikre is\u00a0 igen a v\u00e1lasz, k\u00e9rj\u00fck keressen minket tov\u00e1bbi egyeztet\u00e9s v\u00e9gett.<br> \u00a0 \u00a0 \u00a0 \u00a0 \u00a0 \u00a0 \u00a0 \u00a0 \u00a0 \u00a0 \u00a0 \u00a0 \u00a0 \u00a0 \u00a0 \u00a0 \u00a0 \u00a0<br> \u00a0\u00a0 \u00a0 \u00a0 \u00a0 \u00a0 \u00a0 \u00a0 \u00a0 \u00a0 \u00a0 \u00a0 \u00a0 \u00a0 \u00a0 \u00a0 \u00a0 \u00a0 \u00a0 \u00a0 \u00a0 \u00a0 \u00a0 \u00a0 \u00a0 \u00a0 \u00a0 \u00a0 \u00a0<strong> Hapeto Dental Csapata<\/strong><br> <br> 1. Az elm\u00falt 2 h\u00e9tben b\u00e1rmikor volt-e l\u00e1za?     Igen\/Nem <br> 2. Az elm\u00falt 2 h\u00e9tben b\u00e1rmikor volt-e k\u00f6h\u00f6g\u00e9se vagy egy\u00e9b l\u00e9g\u00fati t\u00fcnete?    Igen\/Nem <br> 3. Az elm\u00falt 2 h\u00e9tben \u00e9rzett-e gyenges\u00e9get, v\u00e9gtagf\u00e1jdalmat vagy egy\u00e9b influenzaszer\u0171 t\u00fcneteket?   Igen\/Nem<br> 4. Tud-e arr\u00f3l, hogy COVID-19 fert\u0151z\u00f6tt lenne?   Igen\/Nem<br> 5. Tal\u00e1lkozott-e igazolt COVID-19 fert\u0151z\u00f6ttel?   Igen\/Nem<br> 6. Tal\u00e1lkozott olyannal, aki h\u00e1zi karant\u00e9nban van?    Igen\/Nem<\/td><\/tr><\/tbody><\/table><\/figure>\n\n\n\n<figure class=\"wp-block-image is-resized\"><img loading=\"lazy\" decoding=\"async\" src=\"https:\/\/hapeto.hu\/wp-content\/uploads\/2019\/07\/hpa.jpg\" alt=\"\" class=\"wp-image-16\" width=\"404\" height=\"303\" srcset=\"https:\/\/hapeto.hu\/wp-content\/uploads\/2019\/07\/hpa.jpg 800w, https:\/\/hapeto.hu\/wp-content\/uploads\/2019\/07\/hpa-300x225.jpg 300w, https:\/\/hapeto.hu\/wp-content\/uploads\/2019\/07\/hpa-768x576.jpg 768w\" sizes=\"(max-width: 404px) 100vw, 404px\" \/><\/figure>\n","protected":false},"excerpt":{"rendered":"<p>Tisztelt P\u00e1cienseink! Rendel\u00e9s\u00fcnk tov\u00e1bbra is el\u0151re egyeztettet id\u0151pontok alapj\u00e1n m\u0171k\u00f6dik.\u00a0 Id\u0151pontokat a megszokott m\u00f3dokon lehet k\u00e9rni(telefon, e-mail).Megk\u00e9rn\u00e9nk kedves p\u00e1cienseinket, hogy lehet\u0151leg k\u00eds\u00e9r\u0151 n\u00e9lk\u00fcl \u00e9rkezzenek! AKI&hellip;<\/p>\n","protected":false},"author":1,"featured_media":0,"parent":0,"menu_order":0,"comment_status":"closed","ping_status":"closed","template":"","meta":{"footnotes":""},"_links":{"self":[{"href":"https:\/\/hapeto.hu\/index.php\/wp-json\/wp\/v2\/pages\/19"}],"collection":[{"href":"https:\/\/hapeto.hu\/index.php\/wp-json\/wp\/v2\/pages"}],"about":[{"href":"https:\/\/hapeto.hu\/index.php\/wp-json\/wp\/v2\/types\/page"}],"author":[{"embeddable":true,"href":"https:\/\/hapeto.hu\/index.php\/wp-json\/wp\/v2\/users\/1"}],"replies":[{"embeddable":true,"href":"https:\/\/hapeto.hu\/index.php\/wp-json\/wp\/v2\/comments?post=19"}],"version-history":[{"count":11,"href":"https:\/\/hapeto.hu\/index.php\/wp-json\/wp\/v2\/pages\/19\/revisions"}],"predecessor-version":[{"id":245,"href":"https:\/\/hapeto.hu\/index.php\/wp-json\/wp\/v2\/pages\/19\/revisions\/245"}],"wp:attachment":[{"href":"https:\/\/hapeto.hu\/index.php\/wp-json\/wp\/v2\/media?parent=19"}],"curies":[{"name":"wp","href":"https:\/\/api.w.org\/{rel}","templated":true}]}}